{"id":81667,"date":"2019-04-02T15:03:49","date_gmt":"2019-04-02T15:03:49","guid":{"rendered":"http:\/\/tisal.ba\/?post_type=product&#038;p=81667"},"modified":"2021-10-08T14:59:17","modified_gmt":"2021-10-08T12:59:17","slug":"glanz-sredstvo-za-ciscenje-kupatila","status":"publish","type":"product","link":"https:\/\/tisal.ba\/index.php\/product\/glanz-sredstvo-za-ciscenje-kupatila\/","title":{"rendered":"Glanz ProActive sredstvo za \u010di\u0161\u0107enje kupaonica i odstranjivanje kamenca"},"content":{"rendered":"","protected":false},"excerpt":{"rendered":"<blockquote><p><strong>PAKOVANJE: 750 mL<\/strong><\/p><\/blockquote>\n<p>Vi\u0161enamjensko sredstvo za \u010di\u0161\u0107enje kupaonica sa lako\u0107om \u010disti prljav\u0161tinu i mrlje sa sanitarija, plo\u010dica, kabina i drugih povr\u0161ina. S lako\u0107om \u010disti kamenac, a aktivne materije efikasno skidaju naslage sapuna, masne mrlje, vodu i ostalu ne\u010disto\u0107u te daju sjaj plo\u010dicama i sanitarijama. Va\u0161a kupaonica je higijenski \u010dista i sjajna &#8211; bez ribanja!<\/p>\n<p><strong>NA\u010cIN UPOTREBE:<\/strong> Sredstvo raspr\u0161iti po povr\u0161ini od 1m\u00b2 u koli\u010dini od 4 stiska (oko 5 ml). Nakon 5-10 minuta istrljati krpom i isprati vodom.<\/p>\n","protected":false},"featured_media":83655,"template":"","meta":[],"product_brand":[],"product_cat":[117],"product_tag":[],"class_list":{"0":"post-81667","1":"product","2":"type-product","3":"status-publish","4":"has-post-thumbnail","6":"product_cat-glanz-ciscenje","8":"first","9":"instock","10":"shipping-taxable","11":"product-type-simple"},"_links":{"self":[{"href":"https:\/\/tisal.ba\/index.php\/wp-json\/wp\/v2\/product\/81667","targetHints":{"allow":["GET"]}}],"collection":[{"href":"https:\/\/tisal.ba\/index.php\/wp-json\/wp\/v2\/product"}],"about":[{"href":"https:\/\/tisal.ba\/index.php\/wp-json\/wp\/v2\/types\/product"}],"wp:featuredmedia":[{"embeddable":true,"href":"https:\/\/tisal.ba\/index.php\/wp-json\/wp\/v2\/media\/83655"}],"wp:attachment":[{"href":"https:\/\/tisal.ba\/index.php\/wp-json\/wp\/v2\/media?parent=81667"}],"wp:term":[{"taxonomy":"product_brand","embeddable":true,"href":"https:\/\/tisal.ba\/index.php\/wp-json\/wp\/v2\/product_brand?post=81667"},{"taxonomy":"product_cat","embeddable":true,"href":"https:\/\/tisal.ba\/index.php\/wp-json\/wp\/v2\/product_cat?post=81667"},{"taxonomy":"product_tag","embeddable":true,"href":"https:\/\/tisal.ba\/index.php\/wp-json\/wp\/v2\/product_tag?post=81667"}],"curies":[{"name":"wp","href":"https:\/\/api.w.org\/{rel}","templated":true}]}}