{"id":81769,"date":"2019-04-03T10:05:35","date_gmt":"2019-04-03T10:05:35","guid":{"rendered":"http:\/\/tisal.ba\/?post_type=product&#038;p=81769"},"modified":"2022-01-13T17:20:16","modified_gmt":"2022-01-13T15:20:16","slug":"lilla-vanila-cimet","status":"publish","type":"product","link":"https:\/\/tisal.ba\/index.php\/product\/lilla-vanila-cimet\/","title":{"rendered":"Lilla Vanilija i cimet \u2013 osvje\u017eiva\u010d tkanina i prostora"},"content":{"rendered":"","protected":false},"excerpt":{"rendered":"<blockquote><p><strong>PAKOVANJE: 250 mL<\/strong><\/p><\/blockquote>\n<p>Neutralizira neugodne mirise, a prostoriju ispunjava ugodnim parfemskim mirisom. Unosi osvje\u017eenje u Va\u0161 dom.<\/p>\n<p>Lilla- osvje\u017eiva\u010d tkanina i prostora daje dugotrajan miris koji se osloba\u0111a dodirom stvaraju\u0107i dodatni impuls svje\u017eine na Va\u0161im tkaninama i prostoru. Nanesite ga na Va\u0161e zavjese, jo\u0161 dugo \u0107e osvje\u017eavati prostoriju. Efikasno i jednostavno uklanja miris iz kuhinje u Va\u0161em domu.<\/p>\n<p><strong>NA\u010cIN UPOTREBE:<\/strong> protresti bocu i okrenuti raspr\u0161iva\u010d na opciju spray. Potom pritiskom na ru\u010dicu raspr\u0161iva\u010da po\u0161pricati prostor koji \u017eelite osvje\u017eiti ili odagnati neugodne mirise. Mlaz obavezno usmjeriti u zrak ili tkaninu. Lilla osvje\u017eiva\u010d mo\u017eete naprskati i na tapacirani namje\u0161taj, tepihe, automobile, radne i poslovne prostore&#8230;<\/p>\n","protected":false},"featured_media":83872,"template":"","meta":[],"product_brand":[],"product_cat":[120],"product_tag":[],"class_list":{"0":"post-81769","1":"product","2":"type-product","3":"status-publish","4":"has-post-thumbnail","6":"product_cat-lilla-osvjezivaci","8":"first","9":"instock","10":"shipping-taxable","11":"product-type-simple"},"_links":{"self":[{"href":"https:\/\/tisal.ba\/index.php\/wp-json\/wp\/v2\/product\/81769","targetHints":{"allow":["GET"]}}],"collection":[{"href":"https:\/\/tisal.ba\/index.php\/wp-json\/wp\/v2\/product"}],"about":[{"href":"https:\/\/tisal.ba\/index.php\/wp-json\/wp\/v2\/types\/product"}],"wp:featuredmedia":[{"embeddable":true,"href":"https:\/\/tisal.ba\/index.php\/wp-json\/wp\/v2\/media\/83872"}],"wp:attachment":[{"href":"https:\/\/tisal.ba\/index.php\/wp-json\/wp\/v2\/media?parent=81769"}],"wp:term":[{"taxonomy":"product_brand","embeddable":true,"href":"https:\/\/tisal.ba\/index.php\/wp-json\/wp\/v2\/product_brand?post=81769"},{"taxonomy":"product_cat","embeddable":true,"href":"https:\/\/tisal.ba\/index.php\/wp-json\/wp\/v2\/product_cat?post=81769"},{"taxonomy":"product_tag","embeddable":true,"href":"https:\/\/tisal.ba\/index.php\/wp-json\/wp\/v2\/product_tag?post=81769"}],"curies":[{"name":"wp","href":"https:\/\/api.w.org\/{rel}","templated":true}]}}