{"id":81799,"date":"2019-04-03T10:33:16","date_gmt":"2019-04-03T10:33:16","guid":{"rendered":"http:\/\/tisal.ba\/?post_type=product&#038;p=81799"},"modified":"2023-07-12T15:14:02","modified_gmt":"2023-07-12T13:14:02","slug":"lilla-gel-deterdzent-fresh-15l","status":"publish","type":"product","link":"https:\/\/tisal.ba\/index.php\/product\/lilla-gel-deterdzent-fresh-15l\/","title":{"rendered":"Lilla Fresh color action \u2013 gel deterd\u017eent za rublje"},"content":{"rendered":"","protected":false},"excerpt":{"rendered":"<blockquote><p><strong>PAKOVANJA: 1,5 L<br \/>\n<\/strong><\/p><\/blockquote>\n<p>Lilla Fresh color action \u2013 gel deterd\u017eent za rublje namjenjen za ma\u0161insko i ru\u010dno pranje rublja. Efikasno uklanja sva zaprljanja i mrlje. \u0160titi boje tkanine. Prijatan miris.<\/p>\n<p><strong>NA\u010cIN UPOTREBE:<\/strong> ispitati postojanost boja obojenig tkanina. Rublje nepostojanih boja prati odvojeno. Pri izboru programa i temperature pranja pridr\u017eavati se uputa proizvo\u0111a\u010da tkanina.<\/p>\n","protected":false},"featured_media":84135,"template":"","meta":[],"product_brand":[],"product_cat":[137],"product_tag":[],"class_list":{"0":"post-81799","1":"product","2":"type-product","3":"status-publish","4":"has-post-thumbnail","6":"product_cat-gelovi-za-rublje","8":"first","9":"instock","10":"shipping-taxable","11":"product-type-simple"},"_links":{"self":[{"href":"https:\/\/tisal.ba\/index.php\/wp-json\/wp\/v2\/product\/81799","targetHints":{"allow":["GET"]}}],"collection":[{"href":"https:\/\/tisal.ba\/index.php\/wp-json\/wp\/v2\/product"}],"about":[{"href":"https:\/\/tisal.ba\/index.php\/wp-json\/wp\/v2\/types\/product"}],"wp:featuredmedia":[{"embeddable":true,"href":"https:\/\/tisal.ba\/index.php\/wp-json\/wp\/v2\/media\/84135"}],"wp:attachment":[{"href":"https:\/\/tisal.ba\/index.php\/wp-json\/wp\/v2\/media?parent=81799"}],"wp:term":[{"taxonomy":"product_brand","embeddable":true,"href":"https:\/\/tisal.ba\/index.php\/wp-json\/wp\/v2\/product_brand?post=81799"},{"taxonomy":"product_cat","embeddable":true,"href":"https:\/\/tisal.ba\/index.php\/wp-json\/wp\/v2\/product_cat?post=81799"},{"taxonomy":"product_tag","embeddable":true,"href":"https:\/\/tisal.ba\/index.php\/wp-json\/wp\/v2\/product_tag?post=81799"}],"curies":[{"name":"wp","href":"https:\/\/api.w.org\/{rel}","templated":true}]}}