{"id":81881,"date":"2019-04-03T13:56:03","date_gmt":"2019-04-03T13:56:03","guid":{"rendered":"http:\/\/tisal.ba\/?post_type=product&#038;p=81881"},"modified":"2021-06-24T14:59:03","modified_gmt":"2021-06-24T12:59:03","slug":"ella-sampon-kamilica-med","status":"publish","type":"product","link":"https:\/\/tisal.ba\/index.php\/product\/ella-sampon-kamilica-med\/","title":{"rendered":"Ella Kamilica &#038; med &#8211;  \u0161ampon za kosu"},"content":{"rendered":"","protected":false},"excerpt":{"rendered":"<blockquote><p><strong>PAKOVANJE: 250 mL, 1 L<\/strong><\/p><\/blockquote>\n<p>Blagi \u0161ampon za kosu sa\u00a0 mirisom cvijeta kamilice i meda preporu\u010dujemo u svakodnevnoj upotrebi.<br \/>\nKAMILICA je pogodna za osjetljivu kosu kao i osjetljivo vlasi\u0161te.<br \/>\nU kombinaciji KAMILICA I MED njeguju suhu, tanku i obojenu kosu te kosu \u010dine zdravom, sjajnom i za\u0161ti\u0107enom.<br \/>\nSvojom formulacijom Ella \u0161ampon za kosu je namijenjen za sve tipove kose kao i za cijelu obitelj.<\/p>\n<p><strong>NA\u010cIN UPOTREBE:<\/strong> Nanesite na mokru kosu, utrljajte i isperite.<\/p>\n","protected":false},"featured_media":83815,"template":"","meta":[],"product_brand":[],"product_cat":[122],"product_tag":[],"class_list":{"0":"post-81881","1":"product","2":"type-product","3":"status-publish","4":"has-post-thumbnail","6":"product_cat-ella-za-kosu","8":"first","9":"instock","10":"shipping-taxable","11":"product-type-simple"},"_links":{"self":[{"href":"https:\/\/tisal.ba\/index.php\/wp-json\/wp\/v2\/product\/81881","targetHints":{"allow":["GET"]}}],"collection":[{"href":"https:\/\/tisal.ba\/index.php\/wp-json\/wp\/v2\/product"}],"about":[{"href":"https:\/\/tisal.ba\/index.php\/wp-json\/wp\/v2\/types\/product"}],"wp:featuredmedia":[{"embeddable":true,"href":"https:\/\/tisal.ba\/index.php\/wp-json\/wp\/v2\/media\/83815"}],"wp:attachment":[{"href":"https:\/\/tisal.ba\/index.php\/wp-json\/wp\/v2\/media?parent=81881"}],"wp:term":[{"taxonomy":"product_brand","embeddable":true,"href":"https:\/\/tisal.ba\/index.php\/wp-json\/wp\/v2\/product_brand?post=81881"},{"taxonomy":"product_cat","embeddable":true,"href":"https:\/\/tisal.ba\/index.php\/wp-json\/wp\/v2\/product_cat?post=81881"},{"taxonomy":"product_tag","embeddable":true,"href":"https:\/\/tisal.ba\/index.php\/wp-json\/wp\/v2\/product_tag?post=81881"}],"curies":[{"name":"wp","href":"https:\/\/api.w.org\/{rel}","templated":true}]}}