{"id":82361,"date":"2019-05-13T11:46:15","date_gmt":"2019-05-13T11:46:15","guid":{"rendered":"http:\/\/tisal.ba\/?post_type=product&#038;p=82361"},"modified":"2020-05-09T13:35:55","modified_gmt":"2020-05-09T11:35:55","slug":"ella-gel-za-kosu","status":"publish","type":"product","link":"https:\/\/tisal.ba\/index.php\/product\/ella-gel-za-kosu\/","title":{"rendered":"Ella professional gel za kosu PLAVI"},"content":{"rendered":"","protected":false},"excerpt":{"rendered":"<blockquote><p><strong>PAKOVANJE: 250 mL, 500 mL<\/strong><\/p><\/blockquote>\n<p>Ella Professional Styling Gel je idealan za u\u010dvr\u0161\u0107ivanje i modeliranje svih tipova frizura pru\u017eaju\u0107i u isto vrijeme i prirodan izgled va\u0161oj kosi. Gel razma\u017eite me\u0111u dlanovima, te jednostavno nanesite na kosu. Nakon pro\u010de\u0161ljavanja, uprkos vjetru u vla\u017enom vremenu, kosa ostaje uredna i lijepa. Kosi daje sjaj i puno\u0107u. Nanosi se na suhu ili vla\u017enu kosu. \u0160titi kosu od negativnih uticaja okoline. Dermatolo\u0161ki testirano.<\/p>\n<p><strong>NA\u010cIN UPOTREBE:<\/strong> GEL razma\u017eite me\u0111u dlanovima, te jednostavno nanesite na kosu. Nakon pro\u010de\u0161ljavanja, uprkos vjetru i vla\u017enom vremenu, kosa ostaje uredna i lijepa.Kosi daje sjaj i puno\u0107u. Nanosi se na suhu ili vla\u017enu kosu. \u0160titi kosu od negativnih utjecaja okoline.<\/p>\n","protected":false},"featured_media":82363,"template":"","meta":[],"product_brand":[],"product_cat":[122],"product_tag":[],"class_list":{"0":"post-82361","1":"product","2":"type-product","3":"status-publish","4":"has-post-thumbnail","6":"product_cat-ella-za-kosu","8":"first","9":"instock","10":"shipping-taxable","11":"product-type-simple"},"_links":{"self":[{"href":"https:\/\/tisal.ba\/index.php\/wp-json\/wp\/v2\/product\/82361","targetHints":{"allow":["GET"]}}],"collection":[{"href":"https:\/\/tisal.ba\/index.php\/wp-json\/wp\/v2\/product"}],"about":[{"href":"https:\/\/tisal.ba\/index.php\/wp-json\/wp\/v2\/types\/product"}],"wp:featuredmedia":[{"embeddable":true,"href":"https:\/\/tisal.ba\/index.php\/wp-json\/wp\/v2\/media\/82363"}],"wp:attachment":[{"href":"https:\/\/tisal.ba\/index.php\/wp-json\/wp\/v2\/media?parent=82361"}],"wp:term":[{"taxonomy":"product_brand","embeddable":true,"href":"https:\/\/tisal.ba\/index.php\/wp-json\/wp\/v2\/product_brand?post=82361"},{"taxonomy":"product_cat","embeddable":true,"href":"https:\/\/tisal.ba\/index.php\/wp-json\/wp\/v2\/product_cat?post=82361"},{"taxonomy":"product_tag","embeddable":true,"href":"https:\/\/tisal.ba\/index.php\/wp-json\/wp\/v2\/product_tag?post=82361"}],"curies":[{"name":"wp","href":"https:\/\/api.w.org\/{rel}","templated":true}]}}