{"id":82696,"date":"2019-05-17T10:10:55","date_gmt":"2019-05-17T10:10:55","guid":{"rendered":"http:\/\/tisal.ba\/?post_type=product&#038;p=82696"},"modified":"2020-05-09T13:09:17","modified_gmt":"2020-05-09T11:09:17","slug":"glanz-brilijant","status":"publish","type":"product","link":"https:\/\/tisal.ba\/index.php\/product\/glanz-brilijant\/","title":{"rendered":"Glanz sjaj za ma\u0161insko pranje"},"content":{"rendered":"","protected":false},"excerpt":{"rendered":"<blockquote><p><strong>PAKOVANJE: 500 mL<\/strong><\/p><\/blockquote>\n<p>Glanz sjaj za ma\u0161insko pranje posu\u0111a- proizvod je namijenjen za ma\u0161insko ispiranje posu\u0111a, \u010da\u0161a, probora za jelo. Sprje\u010dava nastajanje vodenog kamenca, a ve\u0107 nastali uspje\u0161no otapa. Posu\u0111e ostaje \u010disto i sjajno. Pospje\u0161uje su\u0161enje, te posu\u0111u i \u010da\u0161ama daje blistav sjaj, bez tragova kapljica i pruga od soli i tvrdo\u0107e vode. Brisanje nije potrebno. Preporu\u010duje se njegova upotreba u slu\u010daju veoma tvrde vode.<\/p>\n<p><strong>NA\u010cIN UPOTREBE:<\/strong> te\u010dnost za ispiranje redovno sipajte u odgovaraju\u0107i pretinac u svojoj perilici posu\u0111a. Perilica automatski dozira potrebnu koli\u010dinu sredstva za ispiranje. Pospje\u0161uje su\u0161enje te posu\u0111u i \u010da\u0161ama daje blistav sjaj bez tragova kapljica i soli.<\/p>\n","protected":false},"featured_media":82697,"template":"","meta":[],"product_brand":[],"product_cat":[102],"product_tag":[],"class_list":{"0":"post-82696","1":"product","2":"type-product","3":"status-publish","4":"has-post-thumbnail","6":"product_cat-glanz-deterdzent","8":"first","9":"instock","10":"shipping-taxable","11":"product-type-simple"},"_links":{"self":[{"href":"https:\/\/tisal.ba\/index.php\/wp-json\/wp\/v2\/product\/82696","targetHints":{"allow":["GET"]}}],"collection":[{"href":"https:\/\/tisal.ba\/index.php\/wp-json\/wp\/v2\/product"}],"about":[{"href":"https:\/\/tisal.ba\/index.php\/wp-json\/wp\/v2\/types\/product"}],"wp:featuredmedia":[{"embeddable":true,"href":"https:\/\/tisal.ba\/index.php\/wp-json\/wp\/v2\/media\/82697"}],"wp:attachment":[{"href":"https:\/\/tisal.ba\/index.php\/wp-json\/wp\/v2\/media?parent=82696"}],"wp:term":[{"taxonomy":"product_brand","embeddable":true,"href":"https:\/\/tisal.ba\/index.php\/wp-json\/wp\/v2\/product_brand?post=82696"},{"taxonomy":"product_cat","embeddable":true,"href":"https:\/\/tisal.ba\/index.php\/wp-json\/wp\/v2\/product_cat?post=82696"},{"taxonomy":"product_tag","embeddable":true,"href":"https:\/\/tisal.ba\/index.php\/wp-json\/wp\/v2\/product_tag?post=82696"}],"curies":[{"name":"wp","href":"https:\/\/api.w.org\/{rel}","templated":true}]}}